l(q) = -11*q**2 + 22*q + 49. Let m(p) = 17*p**2 - 33*p - 74. Let d(b) = -8*l(b) - 5*m(b). List the prime factors of d(10).
2, 3, 7
Suppose -3*w + 0*w + 60 = 2*b, w + 4*b = 10. Let n = -11 + w. List the prime factors of n.
11
Let q(j) = -j**3 - 6*j**2 - 2*j - 7. Let l be q(-6). Suppose -4 - 16 = -l*f. Suppose -160 = -o - f*o. What are the prime factors of o?
2
List the prime factors of (441/12)/(3/8).
2, 7
Suppose 2*q + 4 = 3*q. Suppose 3*y + 13 = q. List the prime factors of -2 - ((y - 0) + -11).
2, 3
Let u(j) = -j**3 - 4*j**2 - 4*j. Let y be u(-3). Suppose -h = 3*x - 8, -13 = y*x - 7*x + h. What are the prime factors of x?
3
Let x be (11 - (-18)/(-6))*(-1 - -2). Suppose -670 - 1682 = -x*i. What are the prime factors of i?
2, 3, 7
Let n(v) = -4 + 2 - 3*v - 8. List the prime factors of n(-19).
47
Suppose -13*b - 5166 = -3*h - 16*b, -2*h + 3439 = b. List the prime factors of h.
17, 101
Let j(r) be the second derivative of 0 - 6*r + 0*r**3 + 9/4*r**5 + 0*r**4 - 1/2*r**2. What are the prime factors of j(1)?
2, 11
Let h(y) = -y**2 + 2*y. Let o be h(2). Let v be 3*4/(-18) + 833/21. What are the prime factors of o + v/1 - 1?
2, 19
Suppose -7457 = -5*f - 4*t, 4*t + 701 + 3786 = 3*f. What are the prime factors of f?
1493
Suppose 0 = -2*g + 4*u - 8, -3*g - u - 20 = u. Let k(z) = 4 + 49*z - 92*z + 42*z. What are the prime factors of k(g)?
2, 5
Suppose -s = -563 - 355. List the prime factors of s.
2, 3, 17
Suppose 3*x = 5*x - 10. Suppose -r - w + 15 = 0, x*r + 4*w = -0*w + 76. Let p = -1 + r. List the prime factors of p.
3, 5
Let g(n) = n**2 - 7*n + 8. Let a be g(6). Suppose 7*k - 25 = 3. Suppose k*x - 9 = 3, -a = l - 4*x. What are the prime factors of l?
2, 5
Let d(f) = f**2 + 7*f + 4. Let c be d(-7). Suppose -626 = -r - r + 4*h, -1240 = -c*r + 5*h. What are the prime factors of r?
5, 61
Let g be (4/(-22) - 212/44)/(-1). Suppose 0 = -z + g*w + 202 - 45, -3*z + 527 = -w. What are the prime factors of z?
3, 59
Let i = 337 + -190. Let a = i + -61. Let m = a + -51. What are the prime factors of m?
5, 7
Let a = 39 + -20. Let i be (0 - 2)/(14/(-7))*11. Suppose i = c - a. What are the prime factors of c?
2, 3, 5
Suppose -11*x = 6*x - 21505. List the prime factors of x.
5, 11, 23
Let f(c) = 2*c - 19. Let w be f(6). Let z(r) = r**3 + 8*r**2 - r + 12. What are the prime factors of z(w)?
2, 17
Let b be 2/1 - 0 - 0. List the prime factors of 68/(-16)*(-6 + b).
17
Let s(v) = -33*v + 369. What are the prime factors of s(-42)?
3, 5, 13
Let p = 242 + -146. Let d = p - 59. What are the prime factors of d?
37
Let x(d) = d - 16. Let i be x(12). What are the prime factors of (3/i)/((38/72)/(-19))?
3
Let d = 1 - 0. Let w be (d - 2)*64/1. List the prime factors of 3 - w/(1 - -3).
19
Let x = 4 + -4. Suppose 7*t - 12*t + 325 = x. What are the prime factors of t?
5, 13
Suppose g + 3*g + 2950 = 5*p, 4*g = 3*p - 1778. What are the prime factors of p?
2, 293
Let c(a) = 17*a**2 + 5*a - 116. List the prime factors of c(10).
2, 19, 43
Suppose -3*r - 36 = 69. Let s(x) = -5*x**2 - x + 1. Let w be s(-4). Let c = r - w. List the prime factors of c.
2, 5
Suppose 10*t + 863 = 5573. What are the prime factors of t?
3, 157
Suppose 1032 = p + 4*k - 8, -3*p + 2*k + 3148 = 0. List the prime factors of p.
2, 131
Suppose -m - 1455 = -k, 2785 = 4*k - 5*m - 3039. What are the prime factors of k?
1451
Suppose -u = -2*f + 4382, 5*f + 56 - 11011 = -u. List the prime factors of f.
7, 313
What are the prime factors of (-11*(-2)/4)/((-6)/(-348))?
11, 29
Let g(a) = a**2 - 33*a - 265. List the prime factors of g(42).
113
Let p be (24/40)/((-2)/10). What are the prime factors of 42 + (-2 - (-5 - p))?
2, 3, 7
Suppose 13*f - 16*f - 3*i = -1446, 0 = f + 3*i - 482. List the prime factors of f.
2, 241
Let a = 714 + 680. List the prime factors of a.
2, 17, 41
What are the prime factors of -3 + (-8 - -15) + 310?
2, 157
Suppose 0 = 5*r - 0*r - 2*v - 37, 4*r + 5*v - 56 = 0. Suppose -r*l + 168 = -1020. What are the prime factors of l?
2, 3, 11
Let c = -121 + 1096. List the prime factors of c.
3, 5, 13
Let g = -22 + 34. List the prime factors of ((-8)/(-6))/(g/288).
2
Let b(p) be the third derivative of -p**5/60 - 13*p**4/12 + 2*p**3/3 - 49*p**2. What are the prime factors of b(-14)?
2, 43
Let n(d) = -d**3 + 8*d**2 - 5*d - 4. Let w be n(7). Let q = w + 44. List the prime factors of q.
2, 3
Let a(y) = 2*y - 3 + 1 - 9 + 1. What are the prime factors of a(14)?
2, 3
Let d(v) = 6*v**2 + 7*v + 2. Let r be d(-5). Suppose 0 = -3*s + 5*s. Suppose -4*l = -3*h + 2*h - r, -2*l + 3*h + 71 = s. What are the prime factors of l?
2, 7
Let x(c) = -c - 1. Let s(n) = -41*n - 3. Let q(i) = -s(i) + 6*x(i). What are the prime factors of q(2)?
67
Let u be 4/(-6) + 60/9. Let x(i) = -i + 9. List the prime factors of x(u).
3
Suppose -k = 2*k - 2*v - 954, k + 2*v = 318. Suppose 4*j - 94 = -d, 3*d - 3*j = 6*d - k. What are the prime factors of d?
2, 5, 11
Suppose 5*c + x + 1 = -2, -5*x - 15 = 0. Suppose -4*j + 9*j - 840 = c. Suppose 4*m = -16 + j. What are the prime factors of m?
2, 19
Suppose -68*l + 69*l + 4*m = 87, 4*l = -5*m + 348. What are the prime factors of l?
3, 29
Let c = -160 + 95. Let t = 67 + c. What are the prime factors of t?
2
Let r(m) = m**2 + 6*m + 7. Let k be r(-7). Suppose -i = 1 - k. Suppose -b = -8 - i. What are the prime factors of b?
3, 7
List the prime factors of 1 + -3 + 15/(30/2288).
2, 571
Suppose -10*i + 6*i + 5*q = -5273, 0 = -2*i + 3*q + 2637. What are the prime factors of i?
3, 439
Let z(q) = 3*q**2 + 3*q + 14. Let i be z(-9). Suppose -k = 4*k - i. List the prime factors of k.
2, 23
Suppose 23*x - 3*x = 340. What are the prime factors of x?
17
Suppose -4*v + 12 + 8 = 0. Suppose -v*y - 3*r = 0, y - 19 = -y - 5*r. List the prime factors of 10 + (-1 - 0 - y).
2, 3
Suppose -2 = 3*j + 13. Let q(h) = h**2 + 2*h - 5. Let i be q(j). Let x = i + 7. What are the prime factors of x?
17
Suppose -4*b = b - 3*w - 11, 0 = -3*b + 2*w + 6. Let x(c) = 28*c + c**3 - 13*c - 13*c + 3 - 4*c**2. List the prime factors of x(b).
11
Suppose 36 = -2*v - 0*v - 4*p, -4*p = 3*v + 48. Let o(t) be the first derivative of -t**2 - 1. What are the prime factors of o(v)?
2, 3
Suppose 0 = -3*q + 4*q - 2. Suppose 2*r = -5*k + 5*r + 867, -2*r - 346 = -q*k. List the prime factors of k.
2, 3, 29
Let y be 24/(-2)*11/((-11)/(-2)). Suppose -2*x - 3*x = r - 32, 0 = 3*x + 5*r - 28. What are the prime factors of (-2)/x - 536/y?
2, 11
Suppose -13*a + 1242 = -3256. What are the prime factors of a?
2, 173
Let z(u) = 8*u**2 + 13*u + 14. What are the prime factors of z(19)?
47, 67
Suppose i = w - 268, 0 = -2*w - 4*i + i + 511. What are the prime factors of w?
263
List the prime factors of ((-373)/(-3))/((-4)/(-144)*12).
373
Let j(g) = 3*g + 30. Let v be j(-6). Suppose 9*z + 582 = v*z. List the prime factors of z.
2, 97
Let h(c) = 63*c**3 + 1. Let a be h(1). Suppose 12*z - 10*z = a. What are the prime factors of z?
2
Let y = 8 + -62. Let t = 38 + y. Let n = t + 56. List the prime factors of n.
2, 5
Suppose 2*j + 9 = -5*a, -2*j - 2 = -8. Let q(u) be the first derivative of -15*u**2/2 + 3*u + 165. What are the prime factors of q(a)?
2, 3
Let n = -18 - -24. Let q be (4/n)/((-6)/(-882)). List the prime factors of -1 + q/6*3.
2, 3
Let x(r) = -r - 1. Let k(w) = -w - 15. Let z(c) = k(c) - 4*x(c). Let l be z(7). Suppose -16 = -2*g + l. What are the prime factors of g?
13
Let w = -38 - -66. Let y = -2 + 2. Let b = w + y. List the prime factors of b.
2, 7
Let k = -41 - -46. Suppose 4*r - 631 = -k*n + r, 2*n = 2*r + 262. List the prime factors of n.
2
Let f(m) = 15*m**2 - 21*m + 71. List the prime factors of f(10).
1361
Let w be ((32/10)/(-2))/((-3)/15). List the prime factors of 6*((w/(-6))/(-2) + 1).
2, 5
Suppose 0 = -2*z - 354 + 3758. List the prime factors of z.
2, 23, 37
Suppose 0*q = -2*q + 1350. Suppose -6*m - 741 = q. What are the prime factors of (3/6)/((-2)/m)?
59
Let w(f) = -23*f + 165. List the prime factors of w(-16).
13, 41
Suppose 3*f - 5*l + 17 = 181, -5*l = -5*f + 260. What are the prime factors of 2592/f - (-1*1 - -4)?
3, 17
Suppose -19*a + 17*a + 36 = 0. What are the prime factors of -1*4/36*-3*a?
2, 3
Suppose 0 = 1320*j - 1312*j - 27552. What are the prime factors of j?
2, 3, 7, 41
Let j be (-154)/(-2) - 54/27. What are the prime factors of (2070/j)/(((-